{"id":244,"date":"2025-12-05T12:34:58","date_gmt":"2025-12-05T12:34:58","guid":{"rendered":"https:\/\/trufanegralajarilla.com\/?page_id=244"},"modified":"2025-12-05T14:03:09","modified_gmt":"2025-12-05T14:03:09","slug":"conocenos","status":"publish","type":"page","link":"https:\/\/trufanegralajarilla.com\/index.php\/conocenos\/","title":{"rendered":"Conocenos"},"content":{"rendered":"\n<div class=\"wp-block-cover alignfull is-light has-custom-content-position is-position-bottom-right has-medium-font-size wp-duotone-unset-1\" style=\"margin-top:0;padding-top:71px;padding-right:71px;padding-bottom:71px;padding-left:71px;min-height:66vh;aspect-ratio:unset;\"><img loading=\"lazy\" decoding=\"async\" width=\"1024\" height=\"769\" class=\"wp-block-cover__image-background wp-image-84 size-large\" alt=\"\" src=\"http:\/\/trufanegralajarilla.com\/wp-content\/uploads\/2025\/09\/PXL_20231203_102516343-1024x769.jpg\" data-object-fit=\"cover\" srcset=\"https:\/\/trufanegralajarilla.com\/wp-content\/uploads\/2025\/09\/PXL_20231203_102516343-1024x769.jpg 1024w, https:\/\/trufanegralajarilla.com\/wp-content\/uploads\/2025\/09\/PXL_20231203_102516343-300x225.jpg 300w, https:\/\/trufanegralajarilla.com\/wp-content\/uploads\/2025\/09\/PXL_20231203_102516343-768x577.jpg 768w, https:\/\/trufanegralajarilla.com\/wp-content\/uploads\/2025\/09\/PXL_20231203_102516343-1536x1153.jpg 1536w, https:\/\/trufanegralajarilla.com\/wp-content\/uploads\/2025\/09\/PXL_20231203_102516343-2048x1538.jpg 2048w\" sizes=\"auto, (max-width: 1024px) 100vw, 1024px\" \/><span aria-hidden=\"true\" class=\"wp-block-cover__background has-background-dim-40 has-background-dim\" style=\"background-color:#858686\"><\/span><div class=\"wp-block-cover__inner-container is-layout-flow wp-container-core-cover-is-layout-d12806a8 wp-block-cover-is-layout-flow\">\n<div class=\"wp-block-group is-layout-flow wp-container-core-group-is-layout-1e52268a wp-block-group-is-layout-flow\" style=\"margin-top:0;margin-bottom:0;padding-top:0;padding-right:0;padding-bottom:0;padding-left:0\">\n<h1 class=\"wp-block-heading alignwide has-text-align-left has-text-color has-alta-font-family\" style=\"color:#fffbf8;font-size:clamp(43.728px, 2.733rem + ((1vw - 3.2px) * 4.195), 84px);letter-spacing:0px;line-height:1;text-transform:uppercase\">\u00bfQuien somos?<\/h1>\n<\/div>\n<\/div><\/div>\n\n\n\n<div class=\"wp-block-columns has-background is-layout-flex wp-container-core-columns-is-layout-db27d905 wp-block-columns-is-layout-flex\" style=\"background-color:#fffefe;margin-top:0;margin-bottom:0;padding-top:0;padding-right:0;padding-bottom:0;padding-left:0\">\n<div class=\"wp-block-column is-vertically-aligned-center has-text-color has-background has-link-color wp-elements-c9710e5c188b2424384c9f233a89bc65 is-layout-flow wp-container-core-column-is-layout-a99fb685 wp-block-column-is-layout-flow\" style=\"color:#e4e4de;background-color:#fffefe;padding-top:var(--wp--preset--spacing--50);padding-right:0;padding-bottom:var(--wp--preset--spacing--50);padding-left:0;font-size:clamp(28.836px, 1.802rem + ((1vw - 3.2px) * 2.205), 50px);\">\n<p class=\"has-contrast-2-color has-text-color has-link-color has-alta-font-family wp-elements-7bec611d4ce1df26400e3e875df184c9\" style=\"padding-top:0;padding-right:var(--wp--preset--spacing--50);padding-bottom:0;padding-left:var(--wp--preset--spacing--50);font-size:clamp(1.743rem, 1.743rem + ((1vw - 0.2rem) * 2.095), 3rem);\">La afici\u00f3n por el campo&#8230;<\/p>\n\n\n\n<p class=\"texto-justificado has-contrast-2-color has-text-color has-link-color has-open-sans-font-family wp-elements-95ba6367910cbb6ae870bb472d711f55\" style=\"padding-right:var(--wp--preset--spacing--50);padding-left:var(--wp--preset--spacing--50);font-size:clamp(14px, 0.875rem + ((1vw - 3.2px) * 0.313), 17px);\">&#8230; la naturaleza, la visi\u00f3n de negocio, y la planificaci\u00f3n de una jubilaci\u00f3n ya cercana, hicieron a&nbsp;<strong>Jose Luis<\/strong>&nbsp;apostar por la truficultura all\u00e1 por&nbsp;<strong>2013<\/strong>.<br><\/p>\n\n\n\n<p class=\"texto-justificado has-contrast-2-color has-text-color has-link-color has-open-sans-font-family wp-elements-40390ae665d0b0ece687e145c0d089ec\" style=\"padding-right:var(--wp--preset--spacing--50);padding-left:var(--wp--preset--spacing--50);font-size:clamp(14px, 0.875rem + ((1vw - 3.2px) * 0.313), 17px);\">Tras asistencias a congresos, charlas con pioneros, aprendizaje, pruebas y m\u00e1s pruebas, y con un estudio de la viabilidad del proyecto, en&nbsp;<strong>2014<\/strong>&nbsp;ve la luz la primera parcela,&nbsp;<strong>\u201cEl cerro de la caba\u00f1a\u201d<\/strong>..<br><\/p>\n<\/div>\n\n\n\n<div class=\"wp-block-column is-vertically-aligned-center has-background is-layout-flow wp-block-column-is-layout-flow\" style=\"background-color:#ffffff\">\n<figure class=\"wp-block-image wp-duotone-unset-2\"><img loading=\"lazy\" decoding=\"async\" width=\"500\" height=\"500\" src=\"https:\/\/trufanegralajarilla.com\/wp-content\/uploads\/2025\/12\/Diseno-sin-titulo.png\" alt=\"\" class=\"wp-image-256\" srcset=\"https:\/\/trufanegralajarilla.com\/wp-content\/uploads\/2025\/12\/Diseno-sin-titulo.png 500w, https:\/\/trufanegralajarilla.com\/wp-content\/uploads\/2025\/12\/Diseno-sin-titulo-300x300.png 300w, https:\/\/trufanegralajarilla.com\/wp-content\/uploads\/2025\/12\/Diseno-sin-titulo-150x150.png 150w\" sizes=\"auto, (max-width: 500px) 100vw, 500px\" \/><\/figure>\n<\/div>\n<\/div>\n\n\n\n<div class=\"wp-block-columns has-background is-layout-flex wp-container-core-columns-is-layout-462a57af wp-block-columns-is-layout-flex\" style=\"background-color:#e4e4de;margin-top:0;margin-bottom:0;padding-top:0px;padding-right:0px;padding-bottom:0px;padding-left:0px\">\n<div class=\"wp-block-column is-layout-flow wp-block-column-is-layout-flow\" style=\"border-style:none;border-width:0px;border-top-left-radius:0px;border-top-right-radius:0px;border-bottom-left-radius:0px;border-bottom-right-radius:0px;padding-top:0;padding-bottom:0\">\n<div class=\"wp-block-cover aligncenter\" style=\"padding-top:0;padding-bottom:0\"><img loading=\"lazy\" decoding=\"async\" width=\"1024\" height=\"769\" class=\"wp-block-cover__image-background wp-image-83\" alt=\"\" src=\"http:\/\/trufanegralajarilla.com\/wp-content\/uploads\/2025\/09\/PXL_20231203_102142076-1024x769.jpg\" data-object-fit=\"cover\" srcset=\"https:\/\/trufanegralajarilla.com\/wp-content\/uploads\/2025\/09\/PXL_20231203_102142076-1024x769.jpg 1024w, https:\/\/trufanegralajarilla.com\/wp-content\/uploads\/2025\/09\/PXL_20231203_102142076-300x225.jpg 300w, https:\/\/trufanegralajarilla.com\/wp-content\/uploads\/2025\/09\/PXL_20231203_102142076-768x577.jpg 768w, https:\/\/trufanegralajarilla.com\/wp-content\/uploads\/2025\/09\/PXL_20231203_102142076-1536x1153.jpg 1536w, https:\/\/trufanegralajarilla.com\/wp-content\/uploads\/2025\/09\/PXL_20231203_102142076-2048x1538.jpg 2048w\" sizes=\"auto, (max-width: 1024px) 100vw, 1024px\" \/><span aria-hidden=\"true\" class=\"wp-block-cover__background has-background-dim-0 has-background-dim\"><\/span><div class=\"wp-block-cover__inner-container is-layout-flow wp-block-cover-is-layout-flow\">\n<p class=\"has-text-align-center has-large-font-size\"><\/p>\n<\/div><\/div>\n<\/div>\n\n\n\n<div class=\"wp-block-column is-vertically-aligned-center has-background is-layout-flow wp-container-core-column-is-layout-b52a0ec1 wp-block-column-is-layout-flow\" style=\"background-color:#e4e4de;padding-top:var(--wp--preset--spacing--40);padding-right:0;padding-bottom:var(--wp--preset--spacing--40);padding-left:0\">\n<h2 class=\"wp-block-heading has-text-align-center has-text-color has-link-color has-open-sans-font-family wp-elements-cd8264afb9df1216efe0b4657f844b83\" style=\"color:#594d49;padding-right:var(--wp--preset--spacing--50);padding-left:var(--wp--preset--spacing--50);font-size:clamp(22.041px, 1.378rem + ((1vw - 3.2px) * 1.454), 36px);text-transform:uppercase\">Trabajada de forma manual&#8230;<\/h2>\n\n\n\n<p class=\"has-text-align-center texto-justificado has-open-sans-font-family\" style=\"padding-right:var(--wp--preset--spacing--50);padding-left:var(--wp--preset--spacing--50);font-size:clamp(14px, 0.875rem + ((1vw - 3.2px) * 0.313), 17px);\">&#8230; con mucho esfuerzo y sin grandes inversiones, con azada y riego rudimentario, y a base de prueba y error, supo evolucionarla y ponerla en producci\u00f3n con resultados mejor de los esperados.<\/p>\n<\/div>\n<\/div>\n\n\n\n<div class=\"wp-block-columns has-background is-layout-flex wp-container-core-columns-is-layout-2e2c5186 wp-block-columns-is-layout-flex\" style=\"border-style:none;border-width:0px;background-color:#e4e4de;margin-top:0;margin-bottom:0;padding-top:0;padding-right:0px;padding-bottom:0;padding-left:0px\">\n<div class=\"wp-block-column is-vertically-aligned-center is-layout-flow wp-container-core-column-is-layout-0277d95b wp-block-column-is-layout-flow\" style=\"border-style:none;border-width:0px;border-top-left-radius:0px;border-top-right-radius:0px;border-bottom-left-radius:0px;border-bottom-right-radius:0px;padding-top:var(--wp--preset--spacing--40);padding-right:0;padding-bottom:var(--wp--preset--spacing--40);padding-left:0\">\n<h2 class=\"wp-block-heading has-text-align-center has-text-color has-link-color has-open-sans-font-family wp-elements-5264d3c937dfee5ae7102f9b6dcdfc8e\" style=\"color:#594d49;padding-right:var(--wp--preset--spacing--50);padding-left:var(--wp--preset--spacing--50);font-size:clamp(22.041px, 1.378rem + ((1vw - 3.2px) * 1.454), 36px);font-style:normal;font-weight:400\">TRUFA NEGRA LA JARILLA<\/h2>\n\n\n\n<p class=\"has-text-align-center texto-justificado has-open-sans-font-family\" style=\"padding-right:var(--wp--preset--spacing--50);padding-left:var(--wp--preset--spacing--50);font-size:clamp(14px, 0.875rem + ((1vw - 3.2px) * 0.313), 17px);\">&nbsp;&#8230;nace en&nbsp;<strong>2025<\/strong>&nbsp;como la profesionalizaci\u00f3n de aquella aventura. Con el compromiso de mantener un proyecto familiar. Y con la adquisici\u00f3n de una segunda parcela,&nbsp;<strong>\u201cLa Jarilla\u201d<\/strong>, que cuenta con la \u00faltima tecnolog\u00eda aplicada al sector<\/p>\n<\/div>\n\n\n\n<div class=\"wp-block-column is-vertically-aligned-center has-background is-layout-flow wp-container-core-column-is-layout-470e7e12 wp-block-column-is-layout-flow\" style=\"background-color:#e4e4de;padding-top:0;padding-right:0;padding-bottom:0;padding-left:0\">\n<div class=\"wp-block-cover is-light\" style=\"margin-bottom:0;padding-top:0;padding-bottom:0\"><img loading=\"lazy\" decoding=\"async\" width=\"1200\" height=\"1200\" class=\"wp-block-cover__image-background wp-image-228\" alt=\"\" src=\"https:\/\/trufanegralajarilla.com\/wp-content\/uploads\/2025\/12\/WhatsApp-Image-2025-11-25-at-20.30.27-1-1-edited.jpeg\" data-object-fit=\"cover\" srcset=\"https:\/\/trufanegralajarilla.com\/wp-content\/uploads\/2025\/12\/WhatsApp-Image-2025-11-25-at-20.30.27-1-1-edited.jpeg 1200w, https:\/\/trufanegralajarilla.com\/wp-content\/uploads\/2025\/12\/WhatsApp-Image-2025-11-25-at-20.30.27-1-1-edited-300x300.jpeg 300w, https:\/\/trufanegralajarilla.com\/wp-content\/uploads\/2025\/12\/WhatsApp-Image-2025-11-25-at-20.30.27-1-1-edited-1024x1024.jpeg 1024w, https:\/\/trufanegralajarilla.com\/wp-content\/uploads\/2025\/12\/WhatsApp-Image-2025-11-25-at-20.30.27-1-1-edited-150x150.jpeg 150w, https:\/\/trufanegralajarilla.com\/wp-content\/uploads\/2025\/12\/WhatsApp-Image-2025-11-25-at-20.30.27-1-1-edited-768x768.jpeg 768w\" sizes=\"auto, (max-width: 1200px) 100vw, 1200px\" \/><span aria-hidden=\"true\" class=\"wp-block-cover__background has-background-dim-0 has-background-dim\"><\/span><div class=\"wp-block-cover__inner-container is-layout-flow wp-block-cover-is-layout-flow\">\n<p class=\"has-text-align-center has-large-font-size\"><\/p>\n<\/div><\/div>\n<\/div>\n<\/div>\n","protected":false},"excerpt":{"rendered":"<p>La afici\u00f3n por el campo&#8230; &#8230; la naturaleza, la visi\u00f3n de negocio, y la planificaci\u00f3n de una jubilaci\u00f3n ya cercana, hicieron a&nbsp;Jose Luis&nbsp;apostar por la truficultura all\u00e1 por&nbsp;2013. Tras asistencias a congresos, charlas con pioneros, aprendizaje, pruebas y m\u00e1s pruebas, y con un estudio de la viabilidad del proyecto, en&nbsp;2014&nbsp;ve la luz la primera parcela,&nbsp;\u201cEl [&hellip;]<\/p>\n","protected":false},"author":1,"featured_media":0,"parent":0,"menu_order":0,"comment_status":"closed","ping_status":"closed","template":"custom-template-1","meta":{"footnotes":""},"class_list":["post-244","page","type-page","status-publish","hentry"],"_links":{"self":[{"href":"https:\/\/trufanegralajarilla.com\/index.php\/wp-json\/wp\/v2\/pages\/244","targetHints":{"allow":["GET"]}}],"collection":[{"href":"https:\/\/trufanegralajarilla.com\/index.php\/wp-json\/wp\/v2\/pages"}],"about":[{"href":"https:\/\/trufanegralajarilla.com\/index.php\/wp-json\/wp\/v2\/types\/page"}],"author":[{"embeddable":true,"href":"https:\/\/trufanegralajarilla.com\/index.php\/wp-json\/wp\/v2\/users\/1"}],"replies":[{"embeddable":true,"href":"https:\/\/trufanegralajarilla.com\/index.php\/wp-json\/wp\/v2\/comments?post=244"}],"version-history":[{"count":28,"href":"https:\/\/trufanegralajarilla.com\/index.php\/wp-json\/wp\/v2\/pages\/244\/revisions"}],"predecessor-version":[{"id":357,"href":"https:\/\/trufanegralajarilla.com\/index.php\/wp-json\/wp\/v2\/pages\/244\/revisions\/357"}],"wp:attachment":[{"href":"https:\/\/trufanegralajarilla.com\/index.php\/wp-json\/wp\/v2\/media?parent=244"}],"curies":[{"name":"wp","href":"https:\/\/api.w.org\/{rel}","templated":true}]}}