{"id":172,"date":"2025-12-05T12:33:14","date_gmt":"2025-12-05T12:33:14","guid":{"rendered":"https:\/\/trufanegralajarilla.com\/?page_id=172"},"modified":"2026-01-01T22:06:14","modified_gmt":"2026-01-01T22:06:14","slug":"home-2","status":"publish","type":"page","link":"https:\/\/trufanegralajarilla.com\/","title":{"rendered":"Home 2"},"content":{"rendered":"\n<div class=\"wp-block-cover has-custom-content-position is-position-top-left has-medium-font-size wp-duotone-unset-2\" style=\"margin-top:0;padding-top:71px;padding-right:71px;padding-bottom:71px;padding-left:71px;min-height:66vh;aspect-ratio:unset;\"><img loading=\"lazy\" decoding=\"async\" width=\"768\" height=\"1024\" class=\"wp-block-cover__image-background wp-image-180 size-large\" alt=\"\" src=\"https:\/\/trufanegralajarilla.com\/wp-content\/uploads\/2025\/12\/IMG_20251129_120005-1-768x1024.jpg\" style=\"object-position:55% 56%\" data-object-fit=\"cover\" data-object-position=\"55% 56%\" srcset=\"https:\/\/trufanegralajarilla.com\/wp-content\/uploads\/2025\/12\/IMG_20251129_120005-1-768x1024.jpg 768w, https:\/\/trufanegralajarilla.com\/wp-content\/uploads\/2025\/12\/IMG_20251129_120005-1-225x300.jpg 225w, https:\/\/trufanegralajarilla.com\/wp-content\/uploads\/2025\/12\/IMG_20251129_120005-1-1152x1536.jpg 1152w, https:\/\/trufanegralajarilla.com\/wp-content\/uploads\/2025\/12\/IMG_20251129_120005-1-1536x2048.jpg 1536w, https:\/\/trufanegralajarilla.com\/wp-content\/uploads\/2025\/12\/IMG_20251129_120005-1-scaled.jpg 1920w\" sizes=\"auto, (max-width: 768px) 100vw, 768px\" \/><span aria-hidden=\"true\" class=\"wp-block-cover__background has-background-dim-40 has-background-dim\" style=\"background-color:#867568\"><\/span><div class=\"wp-block-cover__inner-container is-layout-flow wp-container-core-cover-is-layout-d12806a8 wp-block-cover-is-layout-flow\">\n<div class=\"wp-block-group is-layout-flow wp-block-group-is-layout-flow\">\n<div class=\"wp-block-group is-layout-flow wp-container-core-group-is-layout-1e52268a wp-block-group-is-layout-flow\" style=\"margin-top:0;margin-bottom:0;padding-top:0;padding-right:0;padding-bottom:0;padding-left:0\">\n<h1 class=\"wp-block-heading alignwide has-text-align-left has-text-color has-alta-font-family\" style=\"color:#fffbf8;font-size:clamp(43.728px, 2.733rem + ((1vw - 3.2px) * 4.195), 84px);font-style:normal;font-weight:400;letter-spacing:0px;line-height:1;text-transform:uppercase\">Trufa Negra<\/h1>\n\n\n\n<h1 class=\"wp-block-heading alignwide has-text-align-left has-text-color has-open-sans-font-family\" style=\"color:#fffbf8;font-size:clamp(20px, 1.25rem + ((1vw - 3.2px) * 1.25), 32px);letter-spacing:0px;line-height:1;text-transform:uppercase\">Desde el coraz\u00f3n de La Mancha<\/h1>\n<\/div>\n\n\n\n<div style=\"height:228px\" aria-hidden=\"true\" class=\"wp-block-spacer\"><\/div>\n\n\n\n<div class=\"wp-block-buttons is-content-justification-left is-nowrap is-layout-flex wp-container-core-buttons-is-layout-12b76a52 wp-block-buttons-is-layout-flex\">\n<div class=\"wp-block-button is-style-outline is-style-outline--1\"><a class=\"wp-block-button__link has-text-color has-open-sans-font-family has-custom-font-size wp-element-button\" href=\"https:\/\/trufanegralajarilla.com\/index.php\/conocenos\/\" style=\"color:#fffbf8;padding-top:24px;padding-right:48px;padding-bottom:24px;padding-left:48px;font-size:clamp(14px, 0.875rem + ((1vw - 3.2px) * 0.208), 16px);font-style:normal;font-weight:700;letter-spacing:0px;text-transform:uppercase\">conocenos<\/a><\/div>\n<\/div>\n<\/div>\n<\/div><\/div>\n\n\n\n<div class=\"wp-block-columns are-vertically-aligned-center has-background is-layout-flex wp-container-core-columns-is-layout-11ec3efe wp-block-columns-is-layout-flex\" style=\"background-color:#fffefe;margin-top:0;margin-bottom:0;padding-top:var(--wp--preset--spacing--10);padding-right:var(--wp--preset--spacing--10);padding-bottom:var(--wp--preset--spacing--10);padding-left:var(--wp--preset--spacing--10)\">\n<div class=\"wp-block-column is-vertically-aligned-center has-text-color has-background has-link-color wp-elements-5e9112b3df0593721ae92b2312072b7e is-layout-flow wp-container-core-column-is-layout-ce9812f6 wp-block-column-is-layout-flow\" style=\"color:#e4e4de;background-color:#fefefe;padding-top:var(--wp--preset--spacing--30);padding-right:var(--wp--preset--spacing--40);padding-bottom:var(--wp--preset--spacing--30);padding-left:var(--wp--preset--spacing--40);font-size:clamp(28.836px, 1.802rem + ((1vw - 3.2px) * 2.205), 50px);\">\n<p class=\"has-contrast-2-color has-text-color has-link-color has-alta-font-family wp-elements-8b103a8a213e07d2dae429dfaef53494\" style=\"font-size:clamp(3.8rem, 3.8rem + ((1vw - 0.2rem) * 7), 8rem);\">La Jarilla<\/p>\n\n\n\n<p class=\"has-contrast-2-color has-text-color has-link-color has-open-sans-font-family wp-elements-9f1ca06cefbbd57d0124123a8d254249\" style=\"font-size:clamp(14px, 0.875rem + ((1vw - 3.2px) * 0.313), 17px);\">En nuestras plantaciones seleccionamos trufas de calidad excepcional, fruto del respeto por la tierra, la tradici\u00f3n y la b\u00fasqueda constante de la excelencia. Vive la experiencia de adquirir trufa fresca online, reci\u00e9n recolectada y entregada directamente de nuestros campos a tu mesa, sin intermediarios.<br><\/p>\n<\/div>\n\n\n\n<div class=\"wp-block-column is-vertically-aligned-center has-background is-layout-flow wp-block-column-is-layout-flow\" style=\"border-style:none;border-width:0px;background-color:#ffffff;padding-top:0;padding-bottom:0\">\n<div class=\"wp-block-cover aligncenter is-light wp-duotone-unset-3\" style=\"border-style:none;border-width:0px;margin-top:var(--wp--preset--spacing--10);margin-bottom:var(--wp--preset--spacing--10);padding-top:var(--wp--preset--spacing--10);padding-bottom:var(--wp--preset--spacing--10);box-shadow:none;min-height:700px;aspect-ratio:unset;\"><img loading=\"lazy\" decoding=\"async\" width=\"2000\" height=\"2000\" class=\"wp-block-cover__image-background wp-image-485 size-full\" alt=\"\" src=\"https:\/\/trufanegralajarilla.com\/wp-content\/uploads\/2026\/01\/Trufa-portada-2.png\" data-object-fit=\"cover\" srcset=\"https:\/\/trufanegralajarilla.com\/wp-content\/uploads\/2026\/01\/Trufa-portada-2.png 2000w, https:\/\/trufanegralajarilla.com\/wp-content\/uploads\/2026\/01\/Trufa-portada-2-300x300.png 300w, https:\/\/trufanegralajarilla.com\/wp-content\/uploads\/2026\/01\/Trufa-portada-2-1024x1024.png 1024w, https:\/\/trufanegralajarilla.com\/wp-content\/uploads\/2026\/01\/Trufa-portada-2-150x150.png 150w, https:\/\/trufanegralajarilla.com\/wp-content\/uploads\/2026\/01\/Trufa-portada-2-768x768.png 768w, https:\/\/trufanegralajarilla.com\/wp-content\/uploads\/2026\/01\/Trufa-portada-2-1536x1536.png 1536w, https:\/\/trufanegralajarilla.com\/wp-content\/uploads\/2026\/01\/Trufa-portada-2-500x500.png 500w, https:\/\/trufanegralajarilla.com\/wp-content\/uploads\/2026\/01\/Trufa-portada-2-800x800.png 800w, https:\/\/trufanegralajarilla.com\/wp-content\/uploads\/2026\/01\/Trufa-portada-2-1280x1280.png 1280w, https:\/\/trufanegralajarilla.com\/wp-content\/uploads\/2026\/01\/Trufa-portada-2-1920x1920.png 1920w\" sizes=\"auto, (max-width: 2000px) 100vw, 2000px\" \/><span aria-hidden=\"true\" class=\"wp-block-cover__background has-background-dim-0 has-background-dim\" style=\"background-color:#dfdfde\"><\/span><div class=\"wp-block-cover__inner-container is-layout-flow wp-block-cover-is-layout-flow\">\n<p class=\"has-text-align-center has-large-font-size\"><\/p>\n<\/div><\/div>\n<\/div>\n<\/div>\n\n\n\n<div class=\"wp-block-columns has-background is-layout-flex wp-container-core-columns-is-layout-462a57af wp-block-columns-is-layout-flex\" style=\"background-color:#e4e4de;margin-top:0;margin-bottom:0;padding-top:0px;padding-right:0px;padding-bottom:0px;padding-left:0px\">\n<div class=\"wp-block-column is-layout-flow wp-block-column-is-layout-flow\" style=\"border-style:none;border-width:0px;border-top-left-radius:0px;border-top-right-radius:0px;border-bottom-left-radius:0px;border-bottom-right-radius:0px\">\n<div class=\"wp-block-cover aligncenter is-light\"><img loading=\"lazy\" decoding=\"async\" width=\"1024\" height=\"768\" class=\"wp-block-cover__image-background wp-image-386 size-large\" alt=\"\" src=\"http:\/\/trufanegralajarilla.com\/wp-content\/uploads\/2025\/12\/DSC016053-1024x768.jpg\" data-object-fit=\"cover\" srcset=\"https:\/\/trufanegralajarilla.com\/wp-content\/uploads\/2025\/12\/DSC016053-1024x768.jpg 1024w, https:\/\/trufanegralajarilla.com\/wp-content\/uploads\/2025\/12\/DSC016053-300x225.jpg 300w, https:\/\/trufanegralajarilla.com\/wp-content\/uploads\/2025\/12\/DSC016053-768x576.jpg 768w, https:\/\/trufanegralajarilla.com\/wp-content\/uploads\/2025\/12\/DSC016053-1536x1152.jpg 1536w, https:\/\/trufanegralajarilla.com\/wp-content\/uploads\/2025\/12\/DSC016053-2048x1536.jpg 2048w\" sizes=\"auto, (max-width: 1024px) 100vw, 1024px\" \/><span aria-hidden=\"true\" class=\"wp-block-cover__background has-background-dim-0 has-background-dim\" style=\"background-color:#b6b3af\"><\/span><div class=\"wp-block-cover__inner-container is-layout-flow wp-block-cover-is-layout-flow\">\n<p class=\"has-text-align-center has-large-font-size\"><\/p>\n<\/div><\/div>\n<\/div>\n\n\n\n<div class=\"wp-block-column is-vertically-aligned-center has-background is-layout-flow wp-container-core-column-is-layout-0277d95b wp-block-column-is-layout-flow\" style=\"background-color:#e4e4de;padding-top:var(--wp--preset--spacing--40);padding-right:0;padding-bottom:var(--wp--preset--spacing--40);padding-left:0\">\n<h2 class=\"wp-block-heading has-text-align-center has-text-color has-link-color has-open-sans-font-family wp-elements-02de28a74c2aad2dd9287d8d984a1538\" style=\"color:#594d49;padding-top:var(--wp--preset--spacing--10);padding-right:var(--wp--preset--spacing--50);padding-bottom:var(--wp--preset--spacing--10);padding-left:var(--wp--preset--spacing--50);font-size:clamp(22.041px, 1.378rem + ((1vw - 3.2px) * 1.454), 36px);text-transform:none\">\u00bfDe d\u00f3nde proviene la trufa?<\/h2>\n\n\n\n<p class=\"has-text-align-center texto-justificado has-open-sans-font-family\" style=\"padding-right:var(--wp--preset--spacing--50);padding-left:var(--wp--preset--spacing--50);font-size:clamp(14px, 0.875rem + ((1vw - 3.2px) * 0.313), 17px);\">En la antig\u00fcedad toda la trufa proven\u00eda de truferos naturales que se encontraban en los bosques, pero actualmente se cultiva este apreciado hongo en plantaciones organizadas por el ser humano y los perros adiestrados son los que rastrean su potente aroma y la extraen de la tierra.<\/p>\n<\/div>\n<\/div>\n\n\n\n<div class=\"wp-block-columns has-background is-layout-flex wp-container-core-columns-is-layout-462a57af wp-block-columns-is-layout-flex\" style=\"border-style:none;border-width:0px;background-color:#e4e4de;margin-top:0;margin-bottom:0;padding-top:0px;padding-right:0px;padding-bottom:0px;padding-left:0px\">\n<div class=\"wp-block-column is-vertically-aligned-center is-layout-flow wp-block-column-is-layout-flow\" style=\"border-style:none;border-width:0px;border-top-left-radius:0px;border-top-right-radius:0px;border-bottom-left-radius:0px;border-bottom-right-radius:0px;padding-top:var(--wp--preset--spacing--40);padding-bottom:var(--wp--preset--spacing--40)\">\n<h2 class=\"wp-block-heading has-text-align-center has-text-color has-link-color has-open-sans-font-family wp-elements-154be873cc28e3f6952064f0dbad3b64\" style=\"color:#594d49;padding-right:var(--wp--preset--spacing--50);padding-left:var(--wp--preset--spacing--50);font-size:clamp(22.041px, 1.378rem + ((1vw - 3.2px) * 1.454), 36px);text-transform:none\">\u00bfTrabajas con trufa negra?<\/h2>\n\n\n\n<p class=\"has-text-align-center texto-justificado has-open-sans-font-family\" style=\"padding-top:var(--wp--preset--spacing--10);padding-right:var(--wp--preset--spacing--50);padding-bottom:var(--wp--preset--spacing--10);padding-left:var(--wp--preset--spacing--50);font-size:clamp(14px, 0.875rem + ((1vw - 3.2px) * 0.313), 17px);\">Si trabajas con trufa negra y buscas un proveedor cercano, flexible y de confianza para tu temporada, en La Jarilla adaptamos calibre, cantidades y frecuencia de env\u00edo a las necesidades de restaurantes, catering y tiendas gourmet. Descubre c\u00f3mo podemos ayudarte a elevar tu carta con trufa negra fresca.<\/p>\n\n\n\n<div class=\"wp-block-buttons is-content-justification-center is-layout-flex wp-container-core-buttons-is-layout-a89b3969 wp-block-buttons-is-layout-flex\">\n<div class=\"wp-block-button\"><a class=\"wp-block-button__link has-text-color has-background has-link-color has-medium-font-size has-text-align-center has-custom-font-size wp-element-button\" href=\"https:\/\/trufanegralajarilla.com\/index.php\/para-profesionales\/\" style=\"border-style:none;border-width:0px;color:#fefefe;background-color:#494234\">Profesionales<\/a><\/div>\n<\/div>\n<\/div>\n\n\n\n<div class=\"wp-block-column is-vertically-aligned-center has-background is-layout-flow wp-container-core-column-is-layout-470e7e12 wp-block-column-is-layout-flow\" style=\"background-color:#e4e4de;padding-top:0;padding-right:0;padding-bottom:0;padding-left:0\">\n<div class=\"wp-block-cover is-light\" style=\"min-height:443px;aspect-ratio:unset;\"><img loading=\"lazy\" decoding=\"async\" width=\"1024\" height=\"747\" class=\"wp-block-cover__image-background wp-image-488 size-large\" alt=\"\" src=\"https:\/\/trufanegralajarilla.com\/wp-content\/uploads\/2026\/01\/Trufa-tenedor-1024x747.png\" data-object-fit=\"cover\" srcset=\"https:\/\/trufanegralajarilla.com\/wp-content\/uploads\/2026\/01\/Trufa-tenedor-1024x747.png 1024w, https:\/\/trufanegralajarilla.com\/wp-content\/uploads\/2026\/01\/Trufa-tenedor-300x219.png 300w, https:\/\/trufanegralajarilla.com\/wp-content\/uploads\/2026\/01\/Trufa-tenedor-768x560.png 768w, https:\/\/trufanegralajarilla.com\/wp-content\/uploads\/2026\/01\/Trufa-tenedor-500x365.png 500w, https:\/\/trufanegralajarilla.com\/wp-content\/uploads\/2026\/01\/Trufa-tenedor-800x584.png 800w, https:\/\/trufanegralajarilla.com\/wp-content\/uploads\/2026\/01\/Trufa-tenedor.png 1184w\" sizes=\"auto, (max-width: 1024px) 100vw, 1024px\" \/><span aria-hidden=\"true\" class=\"wp-block-cover__background has-background-dim-0 has-background-dim\" style=\"background-color:#e2e7e7\"><\/span><div class=\"wp-block-cover__inner-container is-layout-flow wp-block-cover-is-layout-flow\">\n<p class=\"has-text-align-center has-large-font-size\"><\/p>\n<\/div><\/div>\n<\/div>\n<\/div>\n","protected":false},"excerpt":{"rendered":"<p>La Jarilla En nuestras plantaciones seleccionamos trufas de calidad excepcional, fruto del respeto por la tierra, la tradici\u00f3n y la b\u00fasqueda constante de la excelencia. Vive la experiencia de adquirir trufa fresca online, reci\u00e9n recolectada y entregada directamente de nuestros campos a tu mesa, sin intermediarios. \u00bfDe d\u00f3nde proviene la trufa? En la antig\u00fcedad toda [&hellip;]<\/p>\n","protected":false},"author":1,"featured_media":0,"parent":0,"menu_order":0,"comment_status":"closed","ping_status":"closed","template":"custom-template-1","meta":{"footnotes":""},"class_list":["post-172","page","type-page","status-publish","hentry"],"_links":{"self":[{"href":"https:\/\/trufanegralajarilla.com\/index.php\/wp-json\/wp\/v2\/pages\/172","targetHints":{"allow":["GET"]}}],"collection":[{"href":"https:\/\/trufanegralajarilla.com\/index.php\/wp-json\/wp\/v2\/pages"}],"about":[{"href":"https:\/\/trufanegralajarilla.com\/index.php\/wp-json\/wp\/v2\/types\/page"}],"author":[{"embeddable":true,"href":"https:\/\/trufanegralajarilla.com\/index.php\/wp-json\/wp\/v2\/users\/1"}],"replies":[{"embeddable":true,"href":"https:\/\/trufanegralajarilla.com\/index.php\/wp-json\/wp\/v2\/comments?post=172"}],"version-history":[{"count":93,"href":"https:\/\/trufanegralajarilla.com\/index.php\/wp-json\/wp\/v2\/pages\/172\/revisions"}],"predecessor-version":[{"id":553,"href":"https:\/\/trufanegralajarilla.com\/index.php\/wp-json\/wp\/v2\/pages\/172\/revisions\/553"}],"wp:attachment":[{"href":"https:\/\/trufanegralajarilla.com\/index.php\/wp-json\/wp\/v2\/media?parent=172"}],"curies":[{"name":"wp","href":"https:\/\/api.w.org\/{rel}","templated":true}]}}